{"id":152,"date":"2016-10-17T13:29:16","date_gmt":"2016-10-17T13:29:16","guid":{"rendered":"http:\/\/www.demo.acmethemes.com\/education-base\/?page_id=19"},"modified":"2022-05-28T17:46:09","modified_gmt":"2022-05-28T17:46:09","slug":"contaduria","status":"publish","type":"page","link":"https:\/\/iesbenitoperezgaldos.edu.mx\/web\/oferta-educativa\/contaduria\/","title":{"rendered":"Licenciatura en Contadur\u00eda P\u00fablica"},"content":{"rendered":"\n<p><\/p>\n\n\n\n<section id=\"section-b374ddd4-6cde-4134-a471-16e8b3614807\" class=\"wp-block-gutentor-image-slider gutentor-section gutentor-image-slider imageSlider-template1\"><div class=\"gutentor-grid-item-wrap\"><div class=\"gutentor-slider-wrapper\" data-dots=\"false\" data-arrows=\"false\" data-infinite=\"true\" data-nextarrow=\"fas fa-angle-right\" data-prevarrow=\"fas fa-angle-left\" data-autoplay=\"true\" data-autoplayspeed=\"3000\" data-fade=\"false\" data-speed=\"2000\"><div class=\"gutentor-slider-item\"><div class=\"gutentor-single-item gutentor-single-item-0\"><div class=\"gutentor-single-item-wrap\"><div class=\"gutentor-single-item-image-box\"><div class=\"gutentor-bg-image\"><div class=\"overlay\"><\/div><\/div><\/div><div class=\"gutentor-single-item-content\"><div class=\"grid-container\"><div class=\"slider-caption text-center\"><h3 class=\"gutentor-single-item-title\">Licenciatura en Contadur\u00eda P\u00fablica<\/h3><p class=\"gutentor-single-item-desc\">M\u00d3DULO UNO: CONTEXTO GENERAL<br>M\u00d3DULO DOS: INSTRUMENTACI\u00d3N DE MODELOS ORGANIZACIONALES<br>M\u00d3DULO TRES: INSTRUMENTACI\u00d3N DE ESTRATEGIAS DE PLANEACI\u00d3N IMPOSITIVA, IMPLEMENTACI\u00d3N DE NORMAS DE INFORMACI\u00d3N FINANCIERA Y AN\u00c1LISIS DE ALTERNATIVAS EN EL PROCESO DE DEFENSA FISCAL<\/p><a class=\"gutentor-button gutentor-single-item-button gutentor-icon-hide\" href=\"https:\/\/iesbenitoperezgaldos.edu.mx\/web\/contacto\/\"><i class=\"gutentor-button-icon fas fa-book\"><\/i><span>M\u00e1s Informaci\u00f3n<\/span><\/a><\/div><\/div><\/div><\/div><\/div><\/div><\/div><\/div><\/section>\n\n\n\n<section id=\"section-e4b79cde-d594-4115-a537-2e237df9b349\" class=\"wp-block-gutentor-about-block gutentor-section gutentor-about about-template1\"><div class=\"grid-container\"><div class=\"gutentor-grid-item-wrap\"><div class=\"gutentor-single-item\"><div class=\"grid-row\"><div class=\"grid-md-6 about-grid\"><div class=\"gutentor-single-item-image-box\"><div class=\"gutentor-image-thumb\"><img decoding=\"async\" class=\"normal-image\" src=\"https:\/\/www.demo.cosmoswp.com\/demo-6\/wp-content\/uploads\/sites\/7\/2019\/10\/girl-e1571040214791.png\" alt=\"\"\/><\/div><\/div><\/div><div class=\"grid-md-6 about-grid\"><div class=\"gutentor-single-item-content\"><div class=\"gutentor-about-content\"><h2 class=\"gutentor-single-item-title\">Detalles<\/h2><p class=\"gutentor-single-item-desc\">El estudiante tendr\u00e1 la obligaci\u00f3n de acreditar 42 unidades de ense\u00f1anza-aprendizaje (UEA) y un total de 491 cr\u00e9ditos durante toda la licenciatura.<br>Duraci\u00f3n de la UEA: 16 horas mensuales.<br>Las actividades efectivas de aprendizaje que llevar\u00e1 a cabo el estudiante son:<br>I. Actividades Presenciales (en su caso) con Conducci\u00f3n de un acad\u00e9mico.<br>II. Actividades en la utilizaci\u00f3n de Plataforma con la interacci\u00f3n de un acad\u00e9mico.<br>III. Trabajo independiente con la acci\u00f3n tutorial de un Profesor.<br>Perfil de ingreso<br><\/p><a class=\"gutentor-button gutentor-single-item-button gutentor-icon-hide\" href=\"https:\/\/iesbenitoperezgaldos.edu.mx\/web\/contacto\/\"><i class=\"gutentor-button-icon fas fa-book\"><\/i><span>M\u00e1s Informaci\u00f3n<\/span><\/a><\/div><\/div><\/div><\/div><\/div><\/div><\/div><\/section>\n\n\n\n<p><\/p>\n\n\n\n<p class=\"has-medium-font-size\">El egresado de la licenciatura habr\u00e1 adquirido cabalmente los siguientes atributos:<\/p>\n\n\n\n<p class=\"has-medium-font-size\">Habr\u00e1 obtenido conocimientos respecto al \u00e1rea financiera de las organizaciones cuyo fin es contribuir al desarrollo eficiente en la planificaci\u00f3n y ejecuci\u00f3n de la actividad econ\u00f3mica de la misma en la interacci\u00f3n con su sector econ\u00f3mico.<\/p>\n\n\n\n<p class=\"has-medium-font-size\">Reconocer\u00e1 las caracter\u00edsticas particulares de las organizaciones para el dise\u00f1o m\u00e1s adecuado de sus estructuras organizacionales.<\/p>\n\n\n\n<p class=\"has-medium-font-size\">Fomentar\u00e1 el esp\u00edritu emprendedor para desarrollar planes de negocios viables en los diversos sectores de la econom\u00eda, fomentando la corresponsabilidad en los participantes de las organizaciones cuyo fin primordial es la generaci\u00f3n de valor.<\/p>\n\n\n\n<p class=\"has-medium-font-size\">Evaluar\u00e1 y seleccionar\u00e1 de forma interdisciplinaria e integral las alternativas id\u00f3neas en la toma de decisiones.<\/p>\n\n\n\n<p class=\"has-medium-font-size\">Dirigir\u00e1, planear\u00e1, organizar\u00e1, ejecutar\u00e1, asesorar\u00e1, evaluar\u00e1 e instrumentar\u00e1 elementos imprescindibles del proceso contable y administrativo para establecer mecanismos de funci\u00f3n que propicien certeza a las actividades mediante la conformaci\u00f3n del control interno de las organizaciones.<\/p>\n\n\n\n<p class=\"has-medium-font-size\">Coordinar\u00e1 los recursos humanos, materiales, tecnol\u00f3gicos y econ\u00f3micos para favorecer la eficiencia en el desempe\u00f1o de las actividades de la organizaci\u00f3n, as\u00ed como la conclusi\u00f3n de sus objetivos mediante la aplicaci\u00f3n de t\u00e9cnicas de gesti\u00f3n empresarial.<br>Promover\u00e1 la responsabilidad social empresarial para generar estrategias que incidan en la mejora continua de las condiciones internas y externas de acuerdo con principios de justicia social y desarrollos sustentables en las organizaciones.<\/p>\n\n\n\n<p class=\"has-medium-font-size\">Planear, dise\u00f1ar e implementar sistemas de informaci\u00f3n financiera innovadoras conforme a las Normas de Informaci\u00f3n Financiera.<\/p>\n\n\n\n<p class=\"has-medium-font-size\">Analizar y aplicar la legislaci\u00f3n fiscal en forma \u00e9tica y responsable en beneficio de las organizaciones y en correspondencia con la Hacienda P\u00fablica.<\/p>\n\n\n\n<p class=\"has-medium-font-size\">Crear, conformar, analizar e interpretar la informaci\u00f3n financiera con el fin de orientar adecuadamente en su asesor\u00eda hacia el beneficio econ\u00f3mico de las organizaciones ante la toma de decisiones.<\/p>\n\n\n\n<p class=\"has-medium-font-size\">Desarrollar\u00e1 eficientemente los procesos de Auditar\u00eda fiscal, contable y administrativa en las organizaciones.<\/p>\n\n\n\n<p class=\"has-medium-font-size\">Tendr\u00e1 conocimientos y elementos necesarios para incorporarse, en forma inmediata, en todo tipo de programas de estudio de posgrado y participar, en el desarrollo de la ciencia de lo fiscal, la investigaci\u00f3n y la docencia.<\/p>\n\n\n\n<p class=\"has-medium-font-size\">Asimismo, el egresado de la licenciatura una vez concluido completamente el presente plan de estudios habr\u00e1 obtenido las siguientes COMPETENCIAS (definidas como aquellas capacidades integradas que todo profesional necesita para resolver de manera eficaz y aut\u00f3noma, las situaciones de la vida profesional, fundamentadas en un saber profundo, no s\u00f3lo saber qu\u00e9 y c\u00f3mo, sino ser persona en un mundo complejo, cambiante y competitivo) GEN\u00c9RICAS Y COMPETENCIAS ESPEC\u00cdFICAS.<\/p>\n\n\n\n<div id=\"section-ge4ec2d\" class=\"wp-block-gutentor-e2 section-ge4ec2d gutentor-element gutentor-element-button button-align-center-desktop\"><span class=\"gutentor-button-wrap\"><a class=\"gutentor-button gutentor-block-button gutentor-icon-hide\" href=\"https:\/\/iesbenitoperezgaldos.edu.mx\/web\/wp-content\/uploads\/2022\/05\/PLAN-DE-ESTUDIOS-CONTADURIA-PUBLICA-2022.pdf\" target=\"_blank\" rel=\"noopener noreferrer\"><i class=\"gutentor-button-icon fas fa-book\"><\/i><span>Plan de Estudios<\/span><\/a><\/span><\/div>\n\n\n\n<p><\/p>\n","protected":false},"excerpt":{"rendered":"<p>Fomentar\u00e1 el esp\u00edritu emprendedor para desarrollar planes de negocios viables en los diversos sectores de la econom\u00eda, fomentando la corresponsabilidad en los participantes de las organizaciones cuyo fin primordial es la generaci\u00f3n de valor.<\/p>\n","protected":false},"author":1,"featured_media":0,"parent":154,"menu_order":0,"comment_status":"closed","ping_status":"closed","template":"","meta":{"footnotes":""},"_links":{"self":[{"href":"https:\/\/iesbenitoperezgaldos.edu.mx\/web\/wp-json\/wp\/v2\/pages\/152"}],"collection":[{"href":"https:\/\/iesbenitoperezgaldos.edu.mx\/web\/wp-json\/wp\/v2\/pages"}],"about":[{"href":"https:\/\/iesbenitoperezgaldos.edu.mx\/web\/wp-json\/wp\/v2\/types\/page"}],"author":[{"embeddable":true,"href":"https:\/\/iesbenitoperezgaldos.edu.mx\/web\/wp-json\/wp\/v2\/users\/1"}],"replies":[{"embeddable":true,"href":"https:\/\/iesbenitoperezgaldos.edu.mx\/web\/wp-json\/wp\/v2\/comments?post=152"}],"version-history":[{"count":27,"href":"https:\/\/iesbenitoperezgaldos.edu.mx\/web\/wp-json\/wp\/v2\/pages\/152\/revisions"}],"predecessor-version":[{"id":735,"href":"https:\/\/iesbenitoperezgaldos.edu.mx\/web\/wp-json\/wp\/v2\/pages\/152\/revisions\/735"}],"up":[{"embeddable":true,"href":"https:\/\/iesbenitoperezgaldos.edu.mx\/web\/wp-json\/wp\/v2\/pages\/154"}],"wp:attachment":[{"href":"https:\/\/iesbenitoperezgaldos.edu.mx\/web\/wp-json\/wp\/v2\/media?parent=152"}],"curies":[{"name":"wp","href":"https:\/\/api.w.org\/{rel}","templated":true}]}}