{"id":68,"date":"2017-03-06T05:57:20","date_gmt":"2017-03-06T05:57:20","guid":{"rendered":"http:\/\/demo.acmethemes.com\/education-base-pro\/?page_id=394"},"modified":"2021-11-03T17:42:30","modified_gmt":"2021-11-03T17:42:30","slug":"vision","status":"publish","type":"page","link":"https:\/\/iesbenitoperezgaldos.edu.mx\/web\/nosotros\/vision\/","title":{"rendered":"Visi\u00f3n"},"content":{"rendered":"<p>El instituto de Estudios Superiores Benito P\u00e9rez Gald\u00f3s tiene como visi\u00f3n lograr plenamente su consolidaci\u00f3n como una instituci\u00f3n vanguardista en el desarrollo de personas profesionales en las diversas \u00e1reas del conocimiento administrativo, contable, fiscal, financiero, jur\u00eddico, econ\u00f3mico y psicol\u00f3gico.<\/p>\n","protected":false},"excerpt":{"rendered":"<p>El instituto de Estudios Superiores Benito P\u00e9rez Gald\u00f3s tiene como visi\u00f3n lograr plenamente su consolidaci\u00f3n como una instituci\u00f3n vanguardista en el desarrollo de personas profesionales en las diversas \u00e1reas del conocimiento administrativo, contable, fiscal, financiero, jur\u00eddico, econ\u00f3mico y psicol\u00f3gico.<\/p>\n","protected":false},"author":1,"featured_media":0,"parent":76,"menu_order":0,"comment_status":"closed","ping_status":"closed","template":"","meta":{"footnotes":""},"_links":{"self":[{"href":"https:\/\/iesbenitoperezgaldos.edu.mx\/web\/wp-json\/wp\/v2\/pages\/68"}],"collection":[{"href":"https:\/\/iesbenitoperezgaldos.edu.mx\/web\/wp-json\/wp\/v2\/pages"}],"about":[{"href":"https:\/\/iesbenitoperezgaldos.edu.mx\/web\/wp-json\/wp\/v2\/types\/page"}],"author":[{"embeddable":true,"href":"https:\/\/iesbenitoperezgaldos.edu.mx\/web\/wp-json\/wp\/v2\/users\/1"}],"replies":[{"embeddable":true,"href":"https:\/\/iesbenitoperezgaldos.edu.mx\/web\/wp-json\/wp\/v2\/comments?post=68"}],"version-history":[{"count":3,"href":"https:\/\/iesbenitoperezgaldos.edu.mx\/web\/wp-json\/wp\/v2\/pages\/68\/revisions"}],"predecessor-version":[{"id":271,"href":"https:\/\/iesbenitoperezgaldos.edu.mx\/web\/wp-json\/wp\/v2\/pages\/68\/revisions\/271"}],"up":[{"embeddable":true,"href":"https:\/\/iesbenitoperezgaldos.edu.mx\/web\/wp-json\/wp\/v2\/pages\/76"}],"wp:attachment":[{"href":"https:\/\/iesbenitoperezgaldos.edu.mx\/web\/wp-json\/wp\/v2\/media?parent=68"}],"curies":[{"name":"wp","href":"https:\/\/api.w.org\/{rel}","templated":true}]}}